the prime factors of y?
7
Let p(b) = 5*b. Let k be p(3). Let d = k + -5. List the prime factors of d.
2, 5
Let x(y) be the second derivative of 0 - 2*y - 1/6*y**3 - y**2. List the prime factors of x(-5).
3
Let k = -869 - -474. What are the prime factors of k/(-25) - (-1)/5?
2
Suppose 0 = z - 1 + 7. Let t be ((-4)/z + 1)*3. Suppose 4*x + 2*v - 11 - t = 0, x = -2*v + 10. List the prime factors of x.
2
Suppose 4*k = 5*l - l + 76, -4*k - l = -61. Suppose m = -3*m + k. Suppose -m*g = -5*g + 6. What are the prime factors of g?
2, 3
Suppose 0 = 2*w + q - 65 - 0, 2*q + 6 = 0. List the prime factors of w.
2, 17
Suppose -o - 4*x = -0*x + 128, -4*o + 5*x - 449 = 0. Let m = -74 - o. List the prime factors of m.
2, 3, 7
Suppose -2*s - 474 = -4*y - 0*s, -4*y + s = -469. What are the prime factors of y?
2, 29
Let a(x) = -x**3 + 18*x**2 + 28*x - 27. What are the prime factors of a(19)?
2, 3
Let t(f) = -f**3 + f**2 - 2*f - 8. Let h be t(0). Let w(c) = -4*c - 2. What are the prime factors of w(h)?
2, 3, 5
Let n(r) = r - 3. Let p(j) = -3*j + 8. Let c(g) = -14*n(g) - 4*p(g). List the prime factors of c(-8).
2, 13
Suppose -38 = -m - 5*g - 10, 8 = 2*g. Let a = m + -18. Let u = a + 22. List the prime factors of u.
2, 3
Suppose -2*w = 2*n - n - 27, -3*w = 2*n - 38. List the prime factors of w.
2
Let d(h) = 15*h**2 - 15. List the prime factors of d(-4).
3, 5
Suppose -22*n + 10*n = -84. What are the prime factors of n?
7
Let l(o) = -o + 5. Let z(q) = q**2 - 9*q + 10. Let k be z(8). Let f = 2 - k. What are the prime factors of l(f)?
5
Suppose -4*p = -3*k + 16, 6*k - 4*k - p = 9. Suppose -4*u = 5*z + 11, 3*u = z - k - 9. List the prime factors of (-19)/(-2*(-2)/u).
19
Suppose 0 = 12*j - 225 - 615. What are the prime factors of j?
2, 5, 7
Let g = 6 + 4. Let x = 27 - g. List the prime factors of x.
17
Let k(h) = -h. What are the prime factors of k(-7)?
7
What are the prime factors of ((-36)/8 - -3)*-40?
2, 3, 5
List the prime factors of (1 - 1) + -4 + 171 + -3.
2, 41
Let s be (3 - 6) + -3 + 4. Let b(x) = 2*x**2 - 4*x - 1. List the prime factors of b(s).
3, 5
Suppose 2*y - y + 3*n = -3, -4*y - 5*n - 19 = 0. Let t = y + 13. List the prime factors of t.
7
Let b(v) = v**3 - 2*v**2 - v. Let j be b(3). Suppose -j = 2*z + z, 5*z = 3*h - 52. What are the prime factors of h?
2, 7
Let y(s) = s**3 + 11*s**2 - 5*s - 5. List the prime factors of y(-10).
5, 29
Suppose -4*a - 3*y = 11, -2*y = -3*a + 8 + 5. Suppose a - 7 = -3*f. Let d = f + 6. What are the prime factors of d?
2
Let t(o) = o + 2. Let i be t(-3). Let s = i + 9. What are the prime factors of ((-5)/5)/((-1)/s)?
2
Let j(b) = 9*b + 10*b - 8*b - 6 + b**2. What are the prime factors of j(-13)?
2, 5
Suppose -2*b + 344 = 2*b. What are the prime factors of b?
2, 43
Suppose -6*a + 4*a + 158 = 4*o, -5*o - 3*a + 197 = 0. What are the prime factors of o?
2, 5
Let f(k) = -k**3 + 6*k**2 + 2*k + 6. Suppose -54 = -4*o - 3*m - 15, 0 = -2*o + 2*m + 2. List the prime factors of f(o).
2, 3
Suppose -2*c = -10 - 8. Suppose -2*p + c = -5. What are the prime factors of p?
7
Suppose 0 = -3*f - 2*f, -3*o + 3*f + 6 = 0. Suppose -t + 15 = o*h, -2*t + 35 = 3*h + 11. What are the prime factors of h?
2, 3
Let m(t) = t**2 + 2. Let k be m(3). Suppose -h - 5*q = -3*q, -h = -5*q - 7. Suppose -z - k = -h*z. List the prime factors of z.
11
Suppose 0 = -a - 14 + 67. List the prime factors of a.
53
Suppose 4*x - 8 = 2*x. Suppose 5*n + 2*m = 308, 12 = x*m - m. Suppose -3*c = 2*c - n. What are the prime factors of c?
2, 3
Suppose 4*n - 3*n + 5*v = 74, 3*n = 5*v + 122. Let f = n - 26. Let b = f + -16. What are the prime factors of b?
7
Suppose 5*h - 45 = -3*s, -h + 94 = 5*s + h. List the prime factors of s.
2, 5
Let s(k) = -13*k + 0*k - 5*k - 1. What are the prime factors of s(-1)?
17
Let q(s) = s**3 + 13*s**2 + 12*s + 5. Let i be q(-12). Let m = i + 6. List the prime factors of m.
11
Suppose -4*t - 2*s + 200 = 0, -3*t + t + 3*s + 116 = 0. Suppose 4*m - t = -2*p, 2*p - 4*m + 0*m = 68. What are the prime factors of p?
2, 3, 5
Let v(m) be the second derivative of m**4/12 - 7*m**3/6 - m**2 + m. Let z be v(8). List the prime factors of 2/(z/15) + 0.
5
Let d(v) = -v + 4. Let f be d(4). Let y(o) = -o**3 + 3. Let w be y(f). Suppose -w*r - 4 = -40. List the prime factors of r.
2, 3
Let s be 1 + 2/2 + -9. Let t be s/35 - (-21)/5. Suppose o = 10 + t. What are the prime factors of o?
2, 7
Suppose 0 = 5*q - 2*q - 12. Suppose -q*z + 3*z = 0. List the prime factors of (z + 1)/((-2)/(-12)).
2, 3
Let x(w) = 8*w**2 - w + 2. What are the prime factors of x(-2)?
2, 3
Suppose 10 = i + 4*i. Suppose -2*l + 3*b - 26 = -6*l, -i*b + 24 = 4*l. List the prime factors of l.
5
Let q(n) = -2*n + 6. What are the prime factors of q(-5)?
2
Suppose 2*z - 82 = 2*a, a + 3*z - 3 = -36. Let v = -18 - a. What are the prime factors of v?
3, 7
Let g(i) = i**3 + 2*i**2 + i. Suppose -4*q - 4 = -0*q. Let a be g(q). Suppose a*v = -4*v + 32. What are the prime factors of v?
2
Suppose -6*k + 1288 = 8*k. What are the prime factors of k?
2, 23
Suppose -5*d + 66 = -9. What are the prime factors of d?
3, 5
Let r(x) be the second derivative of 1/6*x**4 - x**3 + x - 1/2*x**2 + 0. What are the prime factors of r(5)?
19
Suppose 2*k + 2*k = 12, -2*b = -k - 221. What are the prime factors of b/(-6)*(-27)/18?
2, 7
Let w be 61/7 + 6/21. Suppose -w = l - 31. What are the prime factors of l?
2, 11
Let q = -17 + 35. Suppose 0 = 4*c - 6 - q. List the prime factors of (c/4 + -3)*-8.
2, 3
Let q be (1/(-2))/((-5)/50). Suppose -3*y + y + 15 = b, 0 = 3*y + q*b - 40. Suppose -5*p = 5*k - 40, y*k - 39 = -p + 1. What are the prime factors of k?
2
Let g(q) = q**3 + q**2 + q - 2. Let j be g(-2). Let f = j - -14. What are the prime factors of 2/(1 + (-5)/f)?
2, 3
Let k(t) = -3*t + 4. Let d be k(6). List the prime factors of (-4)/d - 309/(-21).
3, 5
Let p(j) = 8*j - 4. Let c be p(-2). Let f = c - -28. What are the prime factors of f?
2
Suppose -5*z - 54 = -4*d + 7*d, 0 = 3*z + d + 30. Let x = 11 + z. List the prime factors of x.
2
Let q = -179 - -107. Let v = -43 - q. What are the prime factors of v?
29
Let z(y) = 26*y**2 + 14. Let j(o) be the second derivative of -3*o**4/4 - 5*o**2/2 - 2*o. Let c(r) = 17*j(r) + 6*z(r). What are the prime factors of c(-1)?
2
Let g(l) = -5*l**2 + 5*l + 5. Let j(h) = 9*h**2 - 10*h - 9. Let t = 5 - 0. Let p(f) = t*g(f) + 3*j(f). What are the prime factors of p(4)?
2, 5
Suppose 3*l = m + 763, -l - 5*m + 1030 = 3*l. List the prime factors of l.
3, 5, 17
Let m(n) = n**2 + 4*n + 10. Let z be m(-8). Suppose d - 14 = -2*s, 0 = 2*d + d - s - z. What are the prime factors of d?
2, 7
Let z(k) = -k**3 - 2*k**2 + 2*k + 1. Let h be z(2). Let v = 15 + h. What are the prime factors of v?
2
Let l be (-14)/21 - 17/(-3). Suppose -i - 1 = -l*m, -4*i = -2*i - 5*m - 3. Suppose 58 = 5*o - i*r, 4*r + 31 = 4*o - 13. What are the prime factors of o?
2, 7
Let p(n) be the second derivative of -n**5/20 + 7*n**4/12 - 2*n**3/3 - n**2 + 2*n. List the prime factors of p(6).
2, 5
Suppose 6*v - 751 = 3*v - 2*d, 2*v - 3*d = 518. What are the prime factors of v?
11, 23
Let t be (-3)/(3/2)*4. Let z be 17/1 + 0/(-4). Let j = t + z. List the prime factors of j.
3
Let p(t) = -t - 2. Let a be p(0). Let r be 351/15 - a/(-5). Suppose -4*s + 13 = -k, -r + 8 = -5*k. What are the prime factors of s?
2
Let d = 63 + -37. List the prime factors of d.
2, 13
Let m be (-2 - 5/(-3))*3. What are the prime factors of m*(-2 - (-21)/(-3))?
3
What are the prime factors of 4/((-8)/2) - 470/(-5)?
3, 31
Let u(h) = h - 4. Let b be u(6). Let n(c) = -c**2 - 5 + 4*c**2 + 2*c**b - 7*c - 4*c**2. List the prime factors of n(8).
3
Let y = -180 - -267. What are the prime factors of y?
3, 29
Suppose -5*h + 146 = -89. List the prime factors of h.
47
Suppose 3*l = g - 2*l - 16, l = -5*g + 2. Suppose 0*s - s = -g. What are the prime factors of (2/5)/(s/15)?
2, 3
Suppose 0 = -3*h - 4*v + 16, h - 14 = -0*h + 3*v. Let g(d) = 8*d - 2*d - 7 - 5*d + 5. List the prime factors of g(h).
2, 3
Let a = 3 - -1. List the prime factors of a/((-8)/(-6) - 1).
2, 3
Suppose -2*a = 4, -9 - 8 = -3*c + a. Suppose 0 = c*p - 121 + 26. Let r = p - 11. What are the prime factors of r?
2
What are the prime factors of ((-166)/(-3))/((-8)/(-12))?
83
Let k(w) = 10*w - 9. What are the prime factors of k(6)